{"id":857,"date":"2026-02-23T09:56:58","date_gmt":"2026-02-23T12:56:58","guid":{"rendered":"https:\/\/chiguayante.cl\/Chgte\/?page_id=857"},"modified":"2026-02-23T09:56:59","modified_gmt":"2026-02-23T12:56:59","slug":"departamento-de-integracion-social","status":"publish","type":"page","link":"https:\/\/chiguayante.cl\/Chgte\/?page_id=857","title":{"rendered":"Departamento de Integraci\u00f3n Social"},"content":{"rendered":"\n<p>Encargado: <strong>Juan Eduardo Quilodr\u00e1n Rojas<\/strong><br>juan.quilodran@munichiguayante.cl<br>Tel\u00e9fono: 22 66 757 81<\/p>\n\n\n\n<p>El Departamento de Integraci\u00f3n Social tiene por finalidad promover la inclusi\u00f3n, equidad y bienestar de personas y grupos en situaci\u00f3n de vulnerabilidad, mediante la implementaci\u00f3n de programas sociales, acompa\u00f1amiento psicosocial y articulaci\u00f3n de redes de apoyo.<\/p>\n\n\n\n<p>Entre sus funciones se encuentra la ejecuci\u00f3n y coordinaci\u00f3n de iniciativas orientadas a la protecci\u00f3n social, el fortalecimiento comunitario, la atenci\u00f3n de casos sociales y la derivaci\u00f3n oportuna a servicios especializados. Asimismo, trabaja en conjunto con otras unidades municipales y organismos p\u00fablicos y privados para garantizar el acceso a beneficios, prestaciones y oportunidades que contribuyan a mejorar la calidad de vida de la poblaci\u00f3n.<\/p>\n","protected":false},"excerpt":{"rendered":"<p>Encargado: Juan Eduardo Quilodr\u00e1n Rojasjuan.quilodran@munichiguayante.clTel\u00e9fono: 22 66 757 81 El Departamento de Integraci\u00f3n Social tiene por finalidad promover la inclusi\u00f3n, equidad y bienestar de personas y grupos en situaci\u00f3n de vulnerabilidad, mediante la implementaci\u00f3n de programas sociales, acompa\u00f1amiento psicosocial y articulaci\u00f3n de redes de apoyo. Entre sus funciones se encuentra la ejecuci\u00f3n y coordinaci\u00f3n de&#8230;<\/p>\n","protected":false},"author":1,"featured_media":0,"parent":0,"menu_order":0,"comment_status":"closed","ping_status":"closed","template":"","meta":{"footnotes":"","_links_to":"","_links_to_target":""},"class_list":["post-857","page","type-page","status-publish","hentry"],"_links":{"self":[{"href":"https:\/\/chiguayante.cl\/Chgte\/index.php?rest_route=\/wp\/v2\/pages\/857","targetHints":{"allow":["GET"]}}],"collection":[{"href":"https:\/\/chiguayante.cl\/Chgte\/index.php?rest_route=\/wp\/v2\/pages"}],"about":[{"href":"https:\/\/chiguayante.cl\/Chgte\/index.php?rest_route=\/wp\/v2\/types\/page"}],"author":[{"embeddable":true,"href":"https:\/\/chiguayante.cl\/Chgte\/index.php?rest_route=\/wp\/v2\/users\/1"}],"replies":[{"embeddable":true,"href":"https:\/\/chiguayante.cl\/Chgte\/index.php?rest_route=%2Fwp%2Fv2%2Fcomments&post=857"}],"version-history":[{"count":1,"href":"https:\/\/chiguayante.cl\/Chgte\/index.php?rest_route=\/wp\/v2\/pages\/857\/revisions"}],"predecessor-version":[{"id":858,"href":"https:\/\/chiguayante.cl\/Chgte\/index.php?rest_route=\/wp\/v2\/pages\/857\/revisions\/858"}],"wp:attachment":[{"href":"https:\/\/chiguayante.cl\/Chgte\/index.php?rest_route=%2Fwp%2Fv2%2Fmedia&parent=857"}],"curies":[{"name":"wp","href":"https:\/\/api.w.org\/{rel}","templated":true}]}}