{"id":436,"date":"2025-11-05T16:35:19","date_gmt":"2025-11-05T19:35:19","guid":{"rendered":"https:\/\/chiguayante.cl\/Chgte\/?page_id=436"},"modified":"2026-03-31T12:54:04","modified_gmt":"2026-03-31T15:54:04","slug":"bases-y-postulaciones","status":"publish","type":"page","link":"https:\/\/chiguayante.cl\/Chgte\/?page_id=436","title":{"rendered":"Bases y Decretos"},"content":{"rendered":"\n<p><strong>DECRETO ALCALDICIO N\u00b0 446-26<\/strong><br>Decreto Alcaldicio N\u00b0 446-26: Modificaci\u00f3n de ordenanza sobre derechos municipalesMunicipio publica Decreto Alcaldicio que regula exenci\u00f3n de derechos por uso de espacio p\u00fablico<\/p>\n\n\n\n<div data-wp-interactive=\"core\/file\" class=\"wp-block-file\"><object data-wp-bind--hidden=\"!state.hasPdfPreview\" hidden class=\"wp-block-file__embed\" data=\"https:\/\/chiguayante.cl\/Chgte\/wp-content\/uploads\/2026\/03\/D.A.-N\u00b0446-26-314505.pdf\" type=\"application\/pdf\" style=\"width:100%;height:600px\" aria-label=\"Incrustado de D.A. N\u00b0446-26 (314505).\"><\/object><a id=\"wp-block-file--media-2f32ba28-f738-4a35-a8b0-ebbd3012d3c4\" href=\"https:\/\/chiguayante.cl\/Chgte\/wp-content\/uploads\/2026\/03\/D.A.-N\u00b0446-26-314505.pdf\">D.A. N\u00b0446-26 (314505)<\/a><a href=\"https:\/\/chiguayante.cl\/Chgte\/wp-content\/uploads\/2026\/03\/D.A.-N\u00b0446-26-314505.pdf\" class=\"wp-block-file__button wp-element-button\" download aria-describedby=\"wp-block-file--media-2f32ba28-f738-4a35-a8b0-ebbd3012d3c4\">Descargar<\/a><\/div>\n\n\n\n<p><br><br><br><strong>BASES DE PARTICIPACI\u00d3N LIGA INMORTAL DE FREESTYLE \u2013 CHIGUAYANTE 2025<\/strong><br>La Ilustre Municipalidad de Chiguayante, a trav\u00e9s de la Direcci\u00f3n de Desarrollo Comunitario y en el marco del Programa \u201cApoyo a la Comunidad Juvenil 2025\u201d, junto a su primera autoridad comunal, alcalde Jorge Carlos Lozano Zapata, y el Honorable Concejo Municipal, invitan a las y los j\u00f3venes de la comuna a participar en la Liga Inmortal de Freestyle 2025, que se llevar\u00e1 a cabo el d\u00eda 14 de noviembre de 2025, en la Sala de Artes Esc\u00e9nicas de la comuna de Chiguayante.<\/p>\n\n\n\n<details class=\"wp-block-details is-layout-flow wp-block-details-is-layout-flow\"><summary>Abrir Bases<\/summary>\n<div data-wp-interactive=\"core\/file\" class=\"wp-block-file\"><object data-wp-bind--hidden=\"!state.hasPdfPreview\" hidden class=\"wp-block-file__embed\" data=\"https:\/\/chiguayante.cl\/Chgte\/wp-content\/uploads\/2025\/11\/BASES-DE-PARTICIPACION-LIGA-INMORTAL-JOVENES.-2.pdf\" type=\"application\/pdf\" style=\"width:100%;height:600px\" aria-label=\"Incrustado de BASES DE PARTICIPACI\u00d3N LIGA INMORTAL JOVENES. (2).\"><\/object><a id=\"wp-block-file--media-7cae52ad-0d67-475a-b7e9-0228dfa55761\" href=\"https:\/\/chiguayante.cl\/Chgte\/wp-content\/uploads\/2025\/11\/BASES-DE-PARTICIPACION-LIGA-INMORTAL-JOVENES.-2.pdf\">BASES DE PARTICIPACI\u00d3N LIGA INMORTAL JOVENES. (2)<\/a><a href=\"https:\/\/chiguayante.cl\/Chgte\/wp-content\/uploads\/2025\/11\/BASES-DE-PARTICIPACION-LIGA-INMORTAL-JOVENES.-2.pdf\" class=\"wp-block-file__button wp-element-button\" download aria-describedby=\"wp-block-file--media-7cae52ad-0d67-475a-b7e9-0228dfa55761\">Descargar<\/a><\/div>\n<\/details>\n\n\n\n<details class=\"wp-block-details is-layout-flow wp-block-details-is-layout-flow\"><summary>Abrir Decreto Alcaldicio<\/summary>\n<div data-wp-interactive=\"core\/file\" class=\"wp-block-file\"><object data-wp-bind--hidden=\"!state.hasPdfPreview\" hidden class=\"wp-block-file__embed\" data=\"https:\/\/chiguayante.cl\/Chgte\/wp-content\/uploads\/2025\/11\/D.A-N\u00b01636-25-298178.pdf\" type=\"application\/pdf\" style=\"width:100%;height:600px\" aria-label=\"Incrustado de D.A N\u00b01636-25 (298178).\"><\/object><a id=\"wp-block-file--media-89597a50-e3eb-4a60-b142-a8fa14179755\" href=\"https:\/\/chiguayante.cl\/Chgte\/wp-content\/uploads\/2025\/11\/D.A-N\u00b01636-25-298178.pdf\">D.A N\u00b01636-25 (298178)<\/a><a href=\"https:\/\/chiguayante.cl\/Chgte\/wp-content\/uploads\/2025\/11\/D.A-N\u00b01636-25-298178.pdf\" class=\"wp-block-file__button wp-element-button\" download aria-describedby=\"wp-block-file--media-89597a50-e3eb-4a60-b142-a8fa14179755\">Descargar<\/a><\/div>\n<\/details>\n\n\n\n<p><\/p>\n\n\n\n<p><strong>BASES DE PARTICIPACI\u00d3N ENCUENTRO DE ACADEMIA DE M\u00daSICA \u2013 CHIGUAYANTE 2025<\/strong><br>La Ilustre Municipalidad de Chiguayante, a trav\u00e9s de la Direcci\u00f3n de Desarrollo Comunitario y en el marco del Programa \u201cGesti\u00f3n Territorial para Organizaciones Religiosas 2025\u201d, seg\u00fan Decreto Municipal N\u00b0 101 de fecha 20 de enero de 2025 y Certificado de Disponibilidad Presupuestaria N\u00b0 58\/2025<\/p>\n\n\n\n<details class=\"wp-block-details is-layout-flow wp-block-details-is-layout-flow\"><summary>Abrir Bases<\/summary>\n<div data-wp-interactive=\"core\/file\" class=\"wp-block-file\"><object data-wp-bind--hidden=\"!state.hasPdfPreview\" hidden class=\"wp-block-file__embed\" data=\"https:\/\/chiguayante.cl\/Chgte\/wp-content\/uploads\/2025\/11\/BASES-DE-PARTICIPACION-ENCUENTRO-DE-ACADEMIA-DE-MUSICA-1.pdf\" type=\"application\/pdf\" style=\"width:100%;height:600px\" aria-label=\"Incrustado de BASES DE PARTICIPACI\u00d3N ENCUENTRO DE ACADEM\u00cdA DE M\u00daSICA (1).\"><\/object><a id=\"wp-block-file--media-85cfe818-9600-46de-a6d4-68a4c4bb3395\" href=\"https:\/\/chiguayante.cl\/Chgte\/wp-content\/uploads\/2025\/11\/BASES-DE-PARTICIPACION-ENCUENTRO-DE-ACADEMIA-DE-MUSICA-1.pdf\">BASES DE PARTICIPACI\u00d3N ENCUENTRO DE ACADEM\u00cdA DE M\u00daSICA (1)<\/a><a href=\"https:\/\/chiguayante.cl\/Chgte\/wp-content\/uploads\/2025\/11\/BASES-DE-PARTICIPACION-ENCUENTRO-DE-ACADEMIA-DE-MUSICA-1.pdf\" class=\"wp-block-file__button wp-element-button\" download aria-describedby=\"wp-block-file--media-85cfe818-9600-46de-a6d4-68a4c4bb3395\">Descargar<\/a><\/div>\n<\/details>\n\n\n\n<details class=\"wp-block-details is-layout-flow wp-block-details-is-layout-flow\"><summary>Abrir Decreto Alcaldicio<\/summary>\n<div data-wp-interactive=\"core\/file\" class=\"wp-block-file\"><object data-wp-bind--hidden=\"!state.hasPdfPreview\" hidden class=\"wp-block-file__embed\" data=\"https:\/\/chiguayante.cl\/Chgte\/wp-content\/uploads\/2025\/11\/D.A-N\u00b01727-25-298198.pdf\" type=\"application\/pdf\" style=\"width:100%;height:600px\" aria-label=\"Incrustado de D.A N\u00b01727-25 (298198).\"><\/object><a id=\"wp-block-file--media-feab6beb-f09b-4936-8cb1-2f301a34b6b7\" href=\"https:\/\/chiguayante.cl\/Chgte\/wp-content\/uploads\/2025\/11\/D.A-N\u00b01727-25-298198.pdf\">D.A N\u00b01727-25 (298198)<\/a><a href=\"https:\/\/chiguayante.cl\/Chgte\/wp-content\/uploads\/2025\/11\/D.A-N\u00b01727-25-298198.pdf\" class=\"wp-block-file__button wp-element-button\" download aria-describedby=\"wp-block-file--media-feab6beb-f09b-4936-8cb1-2f301a34b6b7\">Descargar<\/a><\/div>\n<\/details>\n\n\n\n<p><\/p>\n\n\n\n<p><strong>BASES DE PARTICIPACI\u00d3N \u2013 TORNEO MUNICIPAL DE CARTAS ONE PIECE 2025<\/strong><br>La Ilustre Municipalidad de Chiguayante, a trav\u00e9s de la Direcci\u00f3n de Desarrollo Comunitario y en el marco<br>del Programa \u201cApoyo a la Comunidad Juvenil 2025\u201d, junto a su primera autoridad, alcalde Jorge Carlos<br>Lozano Zapata, y el Honorable Concejo Municipal, al alero del programa indicado y que fue aprobado<br>seg\u00fan Decreto Municipal N\u00b0 280 de fecha 14 de febrero de 2025 y Certificado de Disponibilidad<br>Presupuestaria N\u00b0 156\/2025, invitan a las y los j\u00f3venes de la comuna a participar en Torneo Municipal de<br>Cartas One Piece 2025.<\/p>\n\n\n\n<div class=\"wp-block-group\"><div class=\"wp-block-group__inner-container is-layout-constrained wp-block-group-is-layout-constrained\">\n<details class=\"wp-block-details is-layout-flow wp-block-details-is-layout-flow\"><summary>Abrir Bases<\/summary>\n<div data-wp-interactive=\"core\/file\" class=\"wp-block-file\"><object data-wp-bind--hidden=\"!state.hasPdfPreview\" hidden class=\"wp-block-file__embed\" data=\"https:\/\/chiguayante.cl\/Chgte\/wp-content\/uploads\/2025\/11\/BASES-DE-PARTICIPACION-TORNEO-MUNICIPAL-DE-CARTAS-ONE-PIECE-JOVENES.-1.pdf\" type=\"application\/pdf\" style=\"width:100%;height:600px\" aria-label=\"Incrustado de BASES DE PARTICIPACI\u00d3N TORNEO MUNICIPAL DE CARTAS  ONE PIECE  JOVENES...... (1).\"><\/object><a id=\"wp-block-file--media-5b2323b2-ddf6-4aa0-a942-37f98e8d060e\" href=\"https:\/\/chiguayante.cl\/Chgte\/wp-content\/uploads\/2025\/11\/BASES-DE-PARTICIPACION-TORNEO-MUNICIPAL-DE-CARTAS-ONE-PIECE-JOVENES.-1.pdf\">BASES DE PARTICIPACI\u00d3N TORNEO MUNICIPAL DE CARTAS  ONE PIECE  JOVENES&#8230;&#8230; (1)<\/a><a href=\"https:\/\/chiguayante.cl\/Chgte\/wp-content\/uploads\/2025\/11\/BASES-DE-PARTICIPACION-TORNEO-MUNICIPAL-DE-CARTAS-ONE-PIECE-JOVENES.-1.pdf\" class=\"wp-block-file__button wp-element-button\" download aria-describedby=\"wp-block-file--media-5b2323b2-ddf6-4aa0-a942-37f98e8d060e\">Descargar<\/a><\/div>\n<\/details>\n<\/div><\/div>\n\n\n\n<details class=\"wp-block-details is-layout-flow wp-block-details-is-layout-flow\"><summary>Abrir Decreto Alcaldicio<\/summary>\n<div data-wp-interactive=\"core\/file\" class=\"wp-block-file\"><object data-wp-bind--hidden=\"!state.hasPdfPreview\" hidden class=\"wp-block-file__embed\" data=\"https:\/\/chiguayante.cl\/Chgte\/wp-content\/uploads\/2025\/11\/DECRETO-ALCALDICIO-N\u00b01728-25-298210-1.pdf\" type=\"application\/pdf\" style=\"width:100%;height:600px\" aria-label=\"Incrustado de DECRETO ALCALDICIO  N\u00b01728-25 (298210) (1).\"><\/object><a id=\"wp-block-file--media-a2d3cce5-12b2-44af-89b6-b79b7e513388\" href=\"https:\/\/chiguayante.cl\/Chgte\/wp-content\/uploads\/2025\/11\/DECRETO-ALCALDICIO-N\u00b01728-25-298210-1.pdf\">DECRETO ALCALDICIO  N\u00b01728-25 (298210) (1)<\/a><a href=\"https:\/\/chiguayante.cl\/Chgte\/wp-content\/uploads\/2025\/11\/DECRETO-ALCALDICIO-N\u00b01728-25-298210-1.pdf\" class=\"wp-block-file__button wp-element-button\" download aria-describedby=\"wp-block-file--media-a2d3cce5-12b2-44af-89b6-b79b7e513388\">Descargar<\/a><\/div>\n<\/details>\n","protected":false},"excerpt":{"rendered":"<p>DECRETO ALCALDICIO N\u00b0 446-26Decreto Alcaldicio N\u00b0 446-26: Modificaci\u00f3n de ordenanza sobre derechos municipalesMunicipio publica Decreto Alcaldicio que regula exenci\u00f3n de derechos por uso de espacio p\u00fablico BASES DE PARTICIPACI\u00d3N LIGA INMORTAL DE FREESTYLE \u2013 CHIGUAYANTE 2025La Ilustre Municipalidad de Chiguayante, a trav\u00e9s de la Direcci\u00f3n de Desarrollo Comunitario y en el marco del Programa \u201cApoyo&#8230;<\/p>\n","protected":false},"author":1,"featured_media":0,"parent":0,"menu_order":0,"comment_status":"closed","ping_status":"closed","template":"","meta":{"footnotes":"","_links_to":"","_links_to_target":""},"class_list":["post-436","page","type-page","status-publish","hentry"],"_links":{"self":[{"href":"https:\/\/chiguayante.cl\/Chgte\/index.php?rest_route=\/wp\/v2\/pages\/436","targetHints":{"allow":["GET"]}}],"collection":[{"href":"https:\/\/chiguayante.cl\/Chgte\/index.php?rest_route=\/wp\/v2\/pages"}],"about":[{"href":"https:\/\/chiguayante.cl\/Chgte\/index.php?rest_route=\/wp\/v2\/types\/page"}],"author":[{"embeddable":true,"href":"https:\/\/chiguayante.cl\/Chgte\/index.php?rest_route=\/wp\/v2\/users\/1"}],"replies":[{"embeddable":true,"href":"https:\/\/chiguayante.cl\/Chgte\/index.php?rest_route=%2Fwp%2Fv2%2Fcomments&post=436"}],"version-history":[{"count":8,"href":"https:\/\/chiguayante.cl\/Chgte\/index.php?rest_route=\/wp\/v2\/pages\/436\/revisions"}],"predecessor-version":[{"id":999,"href":"https:\/\/chiguayante.cl\/Chgte\/index.php?rest_route=\/wp\/v2\/pages\/436\/revisions\/999"}],"wp:attachment":[{"href":"https:\/\/chiguayante.cl\/Chgte\/index.php?rest_route=%2Fwp%2Fv2%2Fmedia&parent=436"}],"curies":[{"name":"wp","href":"https:\/\/api.w.org\/{rel}","templated":true}]}}