{"id":405,"date":"2025-11-04T11:58:01","date_gmt":"2025-11-04T14:58:01","guid":{"rendered":"https:\/\/chiguayante.cl\/Chgte\/?page_id=405"},"modified":"2025-11-04T11:58:02","modified_gmt":"2025-11-04T14:58:02","slug":"departamento-de-deportes","status":"publish","type":"page","link":"https:\/\/chiguayante.cl\/Chgte\/?page_id=405","title":{"rendered":"Departamento de Deportes"},"content":{"rendered":"\n<p><strong>Encargado:<\/strong>&nbsp;Felipe Barriga Aedo<\/p>\n\n\n\n<p><strong>Fono:<\/strong>&nbsp;41- 2367975 \/ +56958726941<\/p>\n\n\n\n<p><strong>E-mail:&nbsp;<\/strong><a href=\"mailto:deportes@chiguayante.cl\">deportes@munichiguayante.cl<\/a><\/p>\n\n\n\n<p><strong>Direcci\u00f3n:<\/strong>&nbsp;Calle Pedro Aguirre Cerda N\u00b052<\/p>\n\n\n\n<p><strong>Funciones b\u00e1sicas:&nbsp;<\/strong>Generar instancias de participaci\u00f3n ciudadana a trav\u00e9s del deporte, organizando, programando y ejecutando diversas disciplinas deportivas con la finalidad de que la paleta deportiva a disposici\u00f3n de la comunidad sea amplia. Realizar el trabajo administrativo correspondiente, para el funcionamiento de la Oficina y sus correspondientes programas. Ser el nexo entre el municipio y el mundo del deporte, orientando, apoyando y colaborando con distintas instituciones deportivas que requieren ayuda en diversos temas.<\/p>\n","protected":false},"excerpt":{"rendered":"<p>Encargado:&nbsp;Felipe Barriga Aedo Fono:&nbsp;41- 2367975 \/ +56958726941 E-mail:&nbsp;deportes@munichiguayante.cl Direcci\u00f3n:&nbsp;Calle Pedro Aguirre Cerda N\u00b052 Funciones b\u00e1sicas:&nbsp;Generar instancias de participaci\u00f3n ciudadana a trav\u00e9s del deporte, organizando, programando y ejecutando diversas disciplinas deportivas con la finalidad de que la paleta deportiva a disposici\u00f3n de la comunidad sea amplia. Realizar el trabajo administrativo correspondiente, para el funcionamiento de la&#8230;<\/p>\n","protected":false},"author":1,"featured_media":0,"parent":0,"menu_order":0,"comment_status":"closed","ping_status":"closed","template":"","meta":{"footnotes":"","_links_to":"","_links_to_target":""},"class_list":["post-405","page","type-page","status-publish","hentry"],"_links":{"self":[{"href":"https:\/\/chiguayante.cl\/Chgte\/index.php?rest_route=\/wp\/v2\/pages\/405","targetHints":{"allow":["GET"]}}],"collection":[{"href":"https:\/\/chiguayante.cl\/Chgte\/index.php?rest_route=\/wp\/v2\/pages"}],"about":[{"href":"https:\/\/chiguayante.cl\/Chgte\/index.php?rest_route=\/wp\/v2\/types\/page"}],"author":[{"embeddable":true,"href":"https:\/\/chiguayante.cl\/Chgte\/index.php?rest_route=\/wp\/v2\/users\/1"}],"replies":[{"embeddable":true,"href":"https:\/\/chiguayante.cl\/Chgte\/index.php?rest_route=%2Fwp%2Fv2%2Fcomments&post=405"}],"version-history":[{"count":1,"href":"https:\/\/chiguayante.cl\/Chgte\/index.php?rest_route=\/wp\/v2\/pages\/405\/revisions"}],"predecessor-version":[{"id":406,"href":"https:\/\/chiguayante.cl\/Chgte\/index.php?rest_route=\/wp\/v2\/pages\/405\/revisions\/406"}],"wp:attachment":[{"href":"https:\/\/chiguayante.cl\/Chgte\/index.php?rest_route=%2Fwp%2Fv2%2Fmedia&parent=405"}],"curies":[{"name":"wp","href":"https:\/\/api.w.org\/{rel}","templated":true}]}}