{"id":151,"date":"2025-10-24T13:25:48","date_gmt":"2025-10-24T16:25:48","guid":{"rendered":"https:\/\/chiguayante.cl\/Chgte\/?page_id=151"},"modified":"2025-10-24T13:25:49","modified_gmt":"2025-10-24T16:25:49","slug":"direccion-de-asesoria-juridica","status":"publish","type":"page","link":"https:\/\/chiguayante.cl\/Chgte\/?page_id=151","title":{"rendered":"Direcci\u00f3n de Asesor\u00eda Jur\u00eddica"},"content":{"rendered":"\n<p><strong>Director:<\/strong>&nbsp;Pablo Aros Rojas<\/p>\n\n\n\n<p><strong>Fono:<\/strong>&nbsp;41 250 81 22<\/p>\n\n\n\n<p><strong>E-mail:<\/strong>&nbsp;<a href=\"mailto:pablo.aros@munichiguayante.cl\">pablo.aros@munichiguayante.cl<\/a>&nbsp;<\/p>\n\n\n\n<p><strong>Direcci\u00f3n:<\/strong>&nbsp;Orozimbo Barbosa 104<\/p>\n\n\n\n<p><strong>Funciones b\u00e1sicas:<\/strong><\/p>\n\n\n\n<p>La Direcci\u00f3n Jur\u00eddica es una unidad que depende directamente del&nbsp;Alcalde&nbsp;y presta asesor\u00eda en materias de derecho al&nbsp;Alcalde, al Concejo a las distintas unidades municipales y a la comunidad, cuando corresponda.<\/p>\n\n\n\n<ul class=\"wp-block-list\">\n<li>Iniciar y defender los juicios en que la Municipalidad sea parte o tenga inter\u00e9s y representar judicialmente a la Municipalidad cuando el\u00a0Alcalde\u00a0as\u00ed lo determine.<\/li>\n\n\n\n<li>Informar en derecho los reclamos de ilegalidad que se presentan al Municipio.<\/li>\n\n\n\n<li>Informar y recomendar las transacciones para precaver Litigios eventuales o dar termino a pleitos pendientes en contra de la Municipalidad.<\/li>\n\n\n\n<li>Efectuar la cobranza administrativa y judicial de impuestos, derechos, concesiones, arriendos y dem\u00e1s cuando proceda.<\/li>\n\n\n\n<li>Otargar el visto bueno a las actuaciones y pagos que correspondan hacer a las oficinas externas de cobranzas.<\/li>\n\n\n\n<li>lnformar en derecho todos los asuntos legales que las unidades municipales le planteen.<\/li>\n\n\n\n<li>Orientar periodicamente a las unidades municipales respecto de Las disposiciones legales y reglamentarias pertinentes, obligaci\u00f3n que importa mantener permanentemente informados a dichos \u00d3rganos acerca de la dictaci\u00f3n, modificaci\u00f3n y derogaci\u00f3n de normas legales y reglamentarias atingentes, como asimismo, de las instrucciones que sobre dichas normas impartan los \u00f3rganos competentes:<\/li>\n\n\n\n<li>Informar al\u00a0Alcalde\u00a0las deficiencias jur\u00eddicas que observe en materias municipales y proponer atternativas de soluci\u00f3n.<\/li>\n\n\n\n<li>Formar y mantener al d\u00eda los t\u00edtulos de los bienes ra\u00edces municipales, para cuyo objeto conservar\u00e1 un expediente actualizado acerca de cada inmueble.<\/li>\n\n\n\n<li>Prestar asesor\u00eda y asumir la defensa de la comunidad cuando sea procedente y el\u00a0Alcalde\u00a0as\u00ed lo determine.<\/li>\n\n\n\n<li>Efectuar, cuando lo ordene el\u00a0Alcalde, las investigaciones y sumarios administrativos y supervigilar aquellos que realicen funcionarios de otras unidades,<\/li>\n\n\n\n<li>Realizar Las gestiones necesarias para las expropiaciones que corresponda efectuar al Municipio.<\/li>\n\n\n\n<li>Informar a la Direcci\u00f3n de Obras en forma oportuna y confiable, de todos aquellos antecedentes que sean necesarias para la formaci\u00f3n del catastro municipal.<\/li>\n\n\n\n<li>Implementar, operar y mantener en su Direcci\u00f3n, seg\u00fan su responsabilidad dentro del Sistema, las actividades que se establezcan por el Sistema de Gesti\u00f3n Municipal de Calidad y Ambiente, segun lo definido en el Manual de Estructura y Responsabilidades del Sistema de Gesti\u00f3n M-E5-003.<\/li>\n\n\n\n<li>Atender extrajudicialmente Los conflictos que se promuevan entre copropietarios o entre estos y su administrador, en inmuebles acogidos a la Ley de Copropiedad Inmobiliaria Ley 19.537.<\/li>\n\n\n\n<li>Orientar, recibir consultas y actuar como mediador en materias relacionadas con los derechos del consumidor acogido a la Ley 19,446.<\/li>\n\n\n\n<li>Cumplir las dem\u00e1s funciones que la Ley, el Alcalde\u00a0o el Concejo le se\u00f1alen.<\/li>\n<\/ul>\n","protected":false},"excerpt":{"rendered":"<p>Director:&nbsp;Pablo Aros Rojas Fono:&nbsp;41 250 81 22 E-mail:&nbsp;pablo.aros@munichiguayante.cl&nbsp; Direcci\u00f3n:&nbsp;Orozimbo Barbosa 104 Funciones b\u00e1sicas: La Direcci\u00f3n Jur\u00eddica es una unidad que depende directamente del&nbsp;Alcalde&nbsp;y presta asesor\u00eda en materias de derecho al&nbsp;Alcalde, al Concejo a las distintas unidades municipales y a la comunidad, cuando corresponda.<\/p>\n","protected":false},"author":1,"featured_media":0,"parent":0,"menu_order":0,"comment_status":"closed","ping_status":"closed","template":"","meta":{"footnotes":"","_links_to":"","_links_to_target":""},"class_list":["post-151","page","type-page","status-publish","hentry"],"_links":{"self":[{"href":"https:\/\/chiguayante.cl\/Chgte\/index.php?rest_route=\/wp\/v2\/pages\/151","targetHints":{"allow":["GET"]}}],"collection":[{"href":"https:\/\/chiguayante.cl\/Chgte\/index.php?rest_route=\/wp\/v2\/pages"}],"about":[{"href":"https:\/\/chiguayante.cl\/Chgte\/index.php?rest_route=\/wp\/v2\/types\/page"}],"author":[{"embeddable":true,"href":"https:\/\/chiguayante.cl\/Chgte\/index.php?rest_route=\/wp\/v2\/users\/1"}],"replies":[{"embeddable":true,"href":"https:\/\/chiguayante.cl\/Chgte\/index.php?rest_route=%2Fwp%2Fv2%2Fcomments&post=151"}],"version-history":[{"count":1,"href":"https:\/\/chiguayante.cl\/Chgte\/index.php?rest_route=\/wp\/v2\/pages\/151\/revisions"}],"predecessor-version":[{"id":152,"href":"https:\/\/chiguayante.cl\/Chgte\/index.php?rest_route=\/wp\/v2\/pages\/151\/revisions\/152"}],"wp:attachment":[{"href":"https:\/\/chiguayante.cl\/Chgte\/index.php?rest_route=%2Fwp%2Fv2%2Fmedia&parent=151"}],"curies":[{"name":"wp","href":"https:\/\/api.w.org\/{rel}","templated":true}]}}