{"id":147,"date":"2025-10-24T13:05:19","date_gmt":"2025-10-24T16:05:19","guid":{"rendered":"https:\/\/chiguayante.cl\/Chgte\/?page_id=147"},"modified":"2026-02-09T11:09:32","modified_gmt":"2026-02-09T14:09:32","slug":"direccion-de-medio-ambiente","status":"publish","type":"page","link":"https:\/\/chiguayante.cl\/Chgte\/?page_id=147","title":{"rendered":"Direcci\u00f3n de Medio Ambiente"},"content":{"rendered":"\n<p><strong>Directora:&nbsp;<\/strong>Paola Pe\u00f1a Valenzuela<\/p>\n\n\n\n<p><strong>Fono: 222350857&nbsp;<\/strong>\u200e<\/p>\n\n\n\n<p><strong>E-mail:<\/strong>&nbsp;<a href=\"mailto:paola.pena@munichiguayante.cl\">paola.pena@munichiguayante.cl<\/a><\/p>\n\n\n\n<p><strong>Direcci\u00f3n:<\/strong>&nbsp;O&#8217;Higgins 2227, Chiguayante<\/p>\n\n\n\n<p>&#8230;&#8230;&#8230;&#8230;&#8230;&#8230;&#8230;&#8230;&#8230;&#8230;&#8230;&#8230;&#8230;&#8230;&#8230;&#8230;&#8230;&#8230;&#8230;&#8230;&#8230;&#8230;&#8230;&#8230;&#8230;&#8230;&#8230;&#8230;&#8230;&#8230;&#8230;&#8230;&#8230;&#8230;&#8230;..<\/p>\n\n\n\n<p><strong>Principales Objetivos:<\/strong><\/p>\n\n\n\n<p>La Direcci\u00f3n de Medio Ambiente tiene como principales funciones velar por el cumplimiento de la legislaci\u00f3n ambiental vigente en materias relativas a la protecci\u00f3n y manejo racional de los recursos naturales. Adem\u00e1s, participar en la evaluaci\u00f3n ambiental de los proyectos o actividades que se emplacen en el territorio comunal, a trav\u00e9s del Sistema de Evaluaci\u00f3n del Impacto Ambiental.<\/p>\n\n\n\n<p>Asimismo, otro de los objetivos es fomentar la educaci\u00f3n en materias ambientales (reciclaje, cuidado del medio ambiente y valoraci\u00f3n del patrimonio) junto a organizaciones sociales, comunitarias y la comunidad educativa.<\/p>\n\n\n\n<p>Por otra parte, tambi\u00e9n tiene la funci\u00f3n de contribuir al control de vectores y,&nbsp;en general, de todos aquellos agentes biol\u00f3gicos animales o invertebrados que puedan transmitir enfermedades a los habitantes de la comuna, en coordinaci\u00f3n con la autoridad sanitaria correspondiente.<\/p>\n\n\n<div class=\"wp-block-image\">\n<figure class=\"aligncenter size-full\"><a href=\"https:\/\/chiguayante.cl\/Chgte\/?page_id=768\"><img loading=\"lazy\" decoding=\"async\" width=\"384\" height=\"161\" src=\"https:\/\/chiguayante.cl\/Chgte\/wp-content\/uploads\/2026\/02\/logowmma.png\" alt=\"\" class=\"wp-image-788\" srcset=\"https:\/\/chiguayante.cl\/Chgte\/wp-content\/uploads\/2026\/02\/logowmma.png 384w, https:\/\/chiguayante.cl\/Chgte\/wp-content\/uploads\/2026\/02\/logowmma-300x126.png 300w\" sizes=\"auto, (max-width: 384px) 100vw, 384px\" \/><\/a><\/figure>\n<\/div>","protected":false},"excerpt":{"rendered":"<p>Directora:&nbsp;Paola Pe\u00f1a Valenzuela Fono: 222350857&nbsp;\u200e E-mail:&nbsp;paola.pena@munichiguayante.cl Direcci\u00f3n:&nbsp;O&#8217;Higgins 2227, Chiguayante &#8230;&#8230;&#8230;&#8230;&#8230;&#8230;&#8230;&#8230;&#8230;&#8230;&#8230;&#8230;&#8230;&#8230;&#8230;&#8230;&#8230;&#8230;&#8230;&#8230;&#8230;&#8230;&#8230;&#8230;&#8230;&#8230;&#8230;&#8230;&#8230;&#8230;&#8230;&#8230;&#8230;&#8230;&#8230;.. Principales Objetivos: La Direcci\u00f3n de Medio Ambiente tiene como principales funciones velar por el cumplimiento de la legislaci\u00f3n ambiental vigente en materias relativas a la protecci\u00f3n y manejo racional de los recursos naturales. Adem\u00e1s, participar en la evaluaci\u00f3n ambiental de los proyectos o actividades que&#8230;<\/p>\n","protected":false},"author":1,"featured_media":0,"parent":0,"menu_order":0,"comment_status":"closed","ping_status":"closed","template":"","meta":{"footnotes":"","_links_to":"","_links_to_target":""},"class_list":["post-147","page","type-page","status-publish","hentry"],"_links":{"self":[{"href":"https:\/\/chiguayante.cl\/Chgte\/index.php?rest_route=\/wp\/v2\/pages\/147","targetHints":{"allow":["GET"]}}],"collection":[{"href":"https:\/\/chiguayante.cl\/Chgte\/index.php?rest_route=\/wp\/v2\/pages"}],"about":[{"href":"https:\/\/chiguayante.cl\/Chgte\/index.php?rest_route=\/wp\/v2\/types\/page"}],"author":[{"embeddable":true,"href":"https:\/\/chiguayante.cl\/Chgte\/index.php?rest_route=\/wp\/v2\/users\/1"}],"replies":[{"embeddable":true,"href":"https:\/\/chiguayante.cl\/Chgte\/index.php?rest_route=%2Fwp%2Fv2%2Fcomments&post=147"}],"version-history":[{"count":2,"href":"https:\/\/chiguayante.cl\/Chgte\/index.php?rest_route=\/wp\/v2\/pages\/147\/revisions"}],"predecessor-version":[{"id":794,"href":"https:\/\/chiguayante.cl\/Chgte\/index.php?rest_route=\/wp\/v2\/pages\/147\/revisions\/794"}],"wp:attachment":[{"href":"https:\/\/chiguayante.cl\/Chgte\/index.php?rest_route=%2Fwp%2Fv2%2Fmedia&parent=147"}],"curies":[{"name":"wp","href":"https:\/\/api.w.org\/{rel}","templated":true}]}}